ndreds digit of 4179946250?
2
What is the hundreds digit of 21644570?
5
What is the units digit of 4890019287?
7
What is the hundred thousands digit of 299082039?
0
What is the hundred millions digit of 254382168?
2
What is the tens digit of 88647977?
7
What is the hundred millions digit of 250442464?
2
What is the tens digit of 5755527394?
9
What is the units digit of 1813535635?
5
What is the hundred millions digit of 2554424046?
5
What is the units digit of 789926791?
1
What is the hundred millions digit of 5523728244?
5
What is the tens digit of 7283379736?
3
What is the ten thousands digit of 1358606290?
0
What is the ten millions digit of 1885155662?
8
What is the hundred millions digit of 1395039156?
3
What is the units digit of 708945529?
9
What is the units digit of 37617829?
9
What is the ten millions digit of 156402871?
5
What is the tens digit of 391413792?
9
What is the tens digit of 74109981?
8
What is the tens digit of 81689296?
9
What is the tens digit of 6653876?
7
What is the hundred thousands digit of 59355995?
3
What is the thousands digit of 118778456?
8
What is the tens digit of 25516473?
7
What is the tens digit of 695350965?
6
What is the units digit of 1351413420?
0
What is the ten thousands digit of 93122632?
2
What is the hundreds digit of 757800337?
3
What is the thousands digit of 106508564?
8
What is the thousands digit of 638401357?
1
What is the millions digit of 792636802?
2
What is the hundred thousands digit of 920312861?
3
What is the hundred thousands digit of 80728222?
7
What is the millions digit of 600658139?
0
What is the units digit of 504692029?
9
What is the ten thousands digit of 915000877?
0
What is the hundred thousands digit of 2856613759?
6
What is the thousands digit of 1112066056?
6
What is the ten millions digit of 49709429?
4
What is the tens digit of 205252302?
0
What is the ten millions digit of 91821017?
9
What is the units digit of 87346705?
5
What is the ten millions digit of 906759397?
0
What is the hundreds digit of 105203886?
8
What is the thousands digit of 6371892?
1
What is the hundreds digit of 81804248?
2
What is the tens digit of 3714506146?
4
What is the ten millions digit of 872294143?
7
What is the hundred millions digit of 815819267?
8
What is the hundred thousands digit of 6533580?
5
What is the hundreds digit of 365643726?
7
What is the thousands digit of 831008346?
8
What is the ten millions digit of 898903904?
9
What is the tens digit of 2997818012?
1
What is the hundreds digit of 14400665?
6
What is the hundred millions digit of 249432925?
2
What is the millions digit of 573485778?
3
What is the ten thousands digit of 153467181?
6
What is the tens digit of 463714275?
7
What is the ten thousands digit of 46560944?
6
What is the hundred millions digit of 576443215?
5
What is the units digit of 31221125?
5
What is the hundred thousands digit of 647742932?
7
What is the ten thousands digit of 1736835104?
3
What is the ten millions digit of 42610505?
4
What is the ten thousands digit of 503886330?
8
What is the tens digit of 39470465?
6
What is the units digit of 70270779?
9
What is the hundred thousands digit of 519308296?
3
What is the hundreds digit of 36814796?
7
What is the units digit of 56729376?
6
What is the thousands digit of 37639849?
9
What is the ten thousands digit of 248892246?
9
What is the hundreds digit of 56464157?
1
What is the thousands digit of 4081886962?
6
What is the hundreds digit of 48229233?
2
What is the units digit of 1052582096?
6
What is the units digit of 220200733?
3
What is the hundred thousands digit of 42251728?
2
What is the tens digit of 59420240?
4
What is the tens digit of 268370394?
9
What is the hundred millions digit of 633141805?
6
What is the ten millions digit of 48692253?
4
What is the ten thousands digit of 918327175?
2
What is the hundred millions digit of 1106933428?
1
What is the hundred millions digit of 207606292?
2
What is the units digit of 4293587967?
7
What is the hundred thousands digit of 3283349399?
3
What is the hundreds digit of 1399923816?
8
What is the millions digit of 30125429?
0
What is the units digit of 35058780?
0
What is the ten millions digit of 171547046?
7
What is the hundred millions digit of 1068132736?
0
What is the tens digit of 24030254?
5
What is the millions digit of 24469699?
4
What is the thousands digit of 904288286?
8
What is the hundred millions digit of 117174634?
1
What is the ten millions digit of 890608508?
9
What is the ten thousands digit of 54993501?
9
What is the ten millions digit of 186478750?
8
What is the ten thousands digit of 2690563201?
6
What is the units digit of 195327000?
0
What is the hundred thousands digit of 77526040?
5
What is the tens digit of 113528405?
0
What is the ten thousands digit of 689092770?
9
What is the thousands digit of 104351523?
1
What is the hundreds digit of 119181813?
8
What is the hundred thousands digit of 83554391?
5
What is the billions digit of 2975540852?
2
What is the thousands digit of 2133378014?
8
What is the ten millions digit of 14827024?
1
What is the ten thousands digit of 318371725?
7
What is the ten thousands digit of 1627655?
2
What is the millions digit of 665594930?
5
What is the hundred millions digit of 437173436?
4
What is the thousands digit of 114650003?
0
What is the thousands digit of 52756592?
6
What is the units digit of 40911665?
5
What is the hundreds digit of 1365012378?
3
What is the tens digit of 21321778?
7
What is the ten millions digit of 134804314?
3
What is the billions digit of 2411323309?
2
What is the thousands digit of 4345859013?
9
What is the hundreds digit of 339217720?
7
What is the hundred thousands digit of 54067371?
0
What is the hundreds digit of 1246841818?
8
What is the units digit of 41549168?
8
What is the ten thousands digit of 53989924?
8
What is the ten thousands digit of 40023264?
2
What is the hundred thousands digit of 1769892146?
8
What is the thousands digit of 49468613?
8
What is the units digit of 31159511?
1
What is the hundreds digit of 38350248?
2
What is the hundred millions digit of 1194707254?
1
What is the hundred millions digit of 2976817749?
9
What is the hundred thousands digit of 124592217?
5
What is the thousands digit of 17160616?
0
What is the millions digit of 75111384?
5
What is the millions digit of 728560290?
8
What is the hundred thousands digit of 78249019?
2
What is the ten millions digit of 74311329?
7
What is the hundreds digit of 120707758?
7
What is the tens digit of 1480500?
0
What is the hundreds digit of 163210482?
4
What is the hundreds digit of 3953365753?
7
What is the ten millions digit of 1972706209?
7
What is the hundred thousands digit of 519837650?
8
What is the hundred thousands digit of 1059384289?
3
What is the units digit of 27873006?
6
What is the ten millions digit of 162562783?
6
What is the hundred millions digit of 771032355?
7
What is the tens digit of 81568894?
9
What is the units digit of 95196742?
2
What is the millions digit of 1391615361?
1
What is the units digit of 126192639?
9
What is the hundred thousands digit of 58775475?
7
What is the thousands digit of 17278225?
8
What is the ten thousands digit of 60769094?
6
What is the hundred thousands digit of 38003639?
0
What is the ten thousands digit of 759463659?
6
What is the units digit of 799449734?
4
What is the hundred thousands digit of 117894849?
8
What is the ten millions digit of 1171806464?
7
What is the hundred thousands digit of 23256022?
2
What is the thousands digit of 1250421542?
1
What is the ten millions digit of 101770348?
0
What is the hundred thousands digit of 7055889485?
8
What is the tens digit of 33298821?
2
What is the hundred thousands digit of 79181066?
1
What is the hundreds digit of 16303132?
1
What is the units digit of 190197109?
9
What is the hundreds digit of 4275262?
2
What is the ten thousands digit of 3690947?
9
What is the millions digit of 10056201?
0
What is the units digit of 3057308525?
5
What is the ten millions digit of 79636497?
7
What is the thousands digit of 1146092174?
2
What is the tens digit of 65749178?
7
What is the hundred thousands digit of 69747574?
7
What is the units digit of 79217859?
9
What is the tens digit of 10242880